2
Suppose 2*c + 186 = 5*h + 47, 4*h = -5*c - 397. Let f = -49 - c. List the prime factors of f.
2, 7
Let g(k) = -k**3 + 10*k**2 - 10*k + 8. Let f be g(9). What are the prime factors of -1*(2 + f)*-20?
2, 5
Let t = 470 - 324. What are the prime factors of t?
2, 73
Suppose 4*h - 3*i - 41 = 39, 5*h = -2*i + 123. What are the prime factors of h + -4 + 1 + 0?
2, 5
Suppose 0 = d - 1 - 4. Let c(a) = a**2 + 3*a**2 - 1 + 7*a - a**3 + 2. List the prime factors of c(d).
11
Suppose j + j = 12. Let c(s) = -s**2 + 12*s - 9. What are the prime factors of c(j)?
3
Suppose 2*g = -2*n + 70, n + g - 3*g = 41. Let z = n + -20. List the prime factors of z.
17
Let b(s) = -2*s + 1. Let v = -9 - -5. List the prime factors of b(v).
3
Let a(n) = n**2 + 5*n + 5. Let j be a(-4). Let r = j - 18. Let b = 26 + r. List the prime factors of b.
3
Suppose 0 = -3*i - 0*i. Suppose q - 14 = -i*q. List the prime factors of q.
2, 7
Let b be (6 - 1) + -2 + 18. Let v = b + -7. What are the prime factors of v?
2, 7
Let t = 13 + -7. Let u = t + -4. Suppose 7 - 19 = -u*p. What are the prime factors of p?
2, 3
Let g(z) = -z + 4. Let a be g(6). Let y(t) = t**2 + 2*t. Let q be y(a). Let r(v) = v**2 + 9. List the prime factors of r(q).
3
Let s = 5 - 0. Suppose 2*w = -s*k + 25 + 17, 0 = -5*k - w + 41. Suppose -u - 2 = -f + 13, -2*u - k = 0. What are the prime factors of f?
11
Let l(r) = 2*r + 4. Let b be l(4). Suppose x + x - b = 0. List the prime factors of x.
2, 3
Suppose 0 = -4*b - 2*o + 66, -3*b + 3*o + 0*o + 63 = 0. What are the prime factors of b?
2, 3
Suppose 25 = w - 23. List the prime factors of w.
2, 3
Let p be (-76)/(-28) + (-2)/(-7). Suppose -2*x + 94 = p*a, -a + 3*x = -7 - 6. Suppose -5*j + a = -j. List the prime factors of j.
7
Let c be ((-2)/6 - -1)*3. Suppose 4 + c = 2*g. List the prime factors of g.
3
Suppose b = z - 1, b + 7 + 3 = 4*z. Suppose -9 = -c + 3*x, -c = b*x - 4*x - 10. What are the prime factors of c?
2, 3
Let p(m) = -m**2 - 5*m + 3. Let x be p(-6). What are the prime factors of (x/(-3))/(-1)*-7?
7
Let s(j) = 10*j - 36. What are the prime factors of s(6)?
2, 3
Suppose -3*q + 2*q + 3 = 0. Suppose 4*r - z - 30 = 0, 5*z = -q*r - 4 + 15. What are the prime factors of r?
7
Let x = -2 - -17. What are the prime factors of ((-56)/(-10))/(3/x)?
2, 7
Let w = 6 + 9. Suppose -w + 39 = 3*z. What are the prime factors of z?
2
Let a = 5 - 5. Suppose a = -7*f + 4*f - 6. Let p(o) = o**2 - 2*o + 1. List the prime factors of p(f).
3
Suppose -g - 61 = -4*g - 5*w, 3*g = -w + 53. What are the prime factors of g?
17
Let x = -113 - -158. List the prime factors of x.
3, 5
Let q(u) = -u + 3. What are the prime factors of q(-6)?
3
Suppose -c + 3*c - 20 = 0. Suppose 0 = 4*h - 102 + 30. Let v = h - c. What are the prime factors of v?
2
Suppose 0*g - g - 68 = 0. Let w be 0 - -1 - (4 + -6). List the prime factors of g/(-10) + w/15.
7
Suppose 3*p + 2*x + 7 - 19 = 0, -x = -3*p + 3. Suppose -2*s + 8 = p*s. Suppose -24 = -0*g - s*g. What are the prime factors of g?
2, 3
Let v be (1 + -24)/(4/8). Let c = v - -80. What are the prime factors of c?
2, 17
Suppose -2*x - 1 = -5. Suppose -2*k = -4 + x. Suppose k = -4*h + 13. What are the prime factors of h?
3
Let o = -255 + 439. Suppose 5*h - 5*y - 205 = 0, -2*h = 2*h + y - o. List the prime factors of h.
3, 5
Let h(p) = p**3 - 21*p**2 + 27*p - 14. List the prime factors of h(20).
2, 3, 7
Let q = -157 + 322. List the prime factors of q.
3, 5, 11
Let c(i) = 5*i**2 - 7*i - 10. List the prime factors of c(-3).
2, 7
Let z = -6 - -1. Let g(n) = -n**3 - 6*n**2 - 4*n + 7. Let u be g(z). Suppose -u = -k + 7. List the prime factors of k.
3
Let x = -7 + 74. List the prime factors of x.
67
Let j(u) = u**2 - 3*u + 1. Let g be j(5). Suppose -2*o - 2*o = 2*l - 4, -3*o = -2*l + g. What are the prime factors of (-2)/l + 25/2?
2, 3
Suppose 0 = 2*t + 1 - 7. Let v be (-25)/t*(-6 + 0). Suppose 4*k - v = -14. List the prime factors of k.
3
Suppose -8*f + 204 = -6*f. What are the prime factors of f?
2, 3, 17
Let r(q) be the third derivative of -4*q**2 + 0 + 0*q + 0*q**5 + 1/6*q**3 + 0*q**4 - 1/8*q**6. List the prime factors of r(-1).
2
Suppose -q - 4*q + 15 = 0. List the prime factors of ((-27)/(-12))/(q/8).
2, 3
Let n be (-8)/2 - (1 + 0). Let r = 57 - 64. Let g = n - r. What are the prime factors of g?
2
What are the prime factors of 171 + (-2 - (-3)/(-6)*-4)?
3, 19
List the prime factors of (-51)/(-1*6/4).
2, 17
Let k(q) = 4*q + 3. Let j(a) = -a - 6. Let i be j(-4). Let p be k(i). Let u(v) = -v**2 - 6*v - 1. What are the prime factors of u(p)?
2
Let t(u) = u**3 - u**2 + 2*u + 1. List the prime factors of t(4).
3, 19
Let o = 2 - 0. Suppose -n = -2*n + o. What are the prime factors of -1 - (1 - 14/n)?
5
Let p = 14 + -4. Let q(k) = 2 + 4*k - 10 - 3*k**3 - 2*k - 10*k**2 + 4*k**3. What are the prime factors of q(p)?
2, 3
Suppose j - 1 + 6 = 0. Let l = j - -6. List the prime factors of 8*((-1)/2 + l).
2
Let m(k) = -k**3 + 16*k**2 - 19*k + 4. What are the prime factors of m(14)?
2, 5, 13
Let k(s) = -s**3 + 2*s**2 + 3*s - 3. What are the prime factors of k(2)?
3
Suppose 0*d = 4*d + 140. Let v(j) = -2*j + 51. Let c be v(0). Let n = c + d. List the prime factors of n.
2
Let b = -51 - -88. What are the prime factors of b?
37
Suppose -2*r + 3*f = 2*f - 107, 103 = 2*r - 5*f. List the prime factors of r.
2, 3
Let b(k) = -7*k**3 - 5*k**2 - 3*k + 2. Let n be b(-3). Suppose 3*q - 8*q + n = 0. List the prime factors of q.
31
Let a = 0 - -19. Suppose p + a = 2*p. List the prime factors of p.
19
Let o(p) = p**3 + 7*p**2 + 2. Let k be o(-7). Suppose -v - k*v = 2*u - 72, 5*v - 107 = u. List the prime factors of v.
2, 11
List the prime factors of 4 + 96/(-4 - -7).
2, 3
Suppose -3*q - 1 = 4*w, 5*w - q = q + 16. Suppose -w*i - 2 + 8 = 0. Let y(t) = t**2 - 2. What are the prime factors of y(i)?
7
Suppose 4*t + 4 - 152 = 0. Let i(m) = 5*m**2 + m - 5. Let p be i(3). Suppose -p = -5*f + t. What are the prime factors of f?
2
Suppose -3 = -5*p + 7. List the prime factors of p + 10 - 1/(-1).
13
Let m = 6 - 8. Let l = 4 + m. List the prime factors of l.
2
Let g(c) be the first derivative of -3*c**2/2 - 13*c - 4. What are the prime factors of g(-6)?
5
Let m = -16 + 11. Let v(i) = i**2 + 2*i - 1. What are the prime factors of v(m)?
2, 7
Suppose -r + 5*j = -1, -5*r - 2*j = -6 + 1. Suppose -f = -4 + r. Suppose 33 = f*t + l, 3*t = 3*l + 34 - 1. What are the prime factors of t?
11
Suppose -175 = -4*w - 11. Suppose -5*p - w = -246. What are the prime factors of p?
41
Let o(w) be the first derivative of -11*w**2/2 - 7*w - 7. List the prime factors of o(-3).
2, 13
Suppose 5*f - 252 = -4*u, -5*u + 298 = 2*f - 0*f. List the prime factors of u.
2, 29
Let l be ((-1)/(-3))/((-4)/(-24)). Suppose 7*n = l*n + 50. Suppose 4*d - n = 3*d. List the prime factors of d.
2, 5
Let u = 147 + -52. List the prime factors of u.
5, 19
Suppose 5*v - 4*l = -5*l + 23, -5*l + 15 = 0. Let q = 8 - v. List the prime factors of q.
2
Let k(y) be the second derivative of y**3/6 - 5*y**2/2 + 3*y. Let w be k(0). Let s = w + 7. List the prime factors of s.
2
Suppose -4*x + 3*m = -20 - 0, -5*m = 3*x - 44. Suppose 18 = 2*v - x. What are the prime factors of v - 1/3*3?
2, 3
What are the prime factors of (-42)/(-4)*8*(-5)/(-2)?
2, 3, 5, 7
List the prime factors of 539/3 - (-1 + (-8)/(-12)).
2, 3, 5
Suppose 0 = 4*r - 522 - 46. List the prime factors of r.
2, 71
Let i = -3 - -5. Let k(d) = 0 - i + 2*d + 1. What are the prime factors of k(3)?
5
Let p(h) = 35*h - 5. List the prime factors of p(3).
2, 5
Let b = 13 + -19. Let k(v) = 2*v + 7 - 4*v + 1. List the prime factors of k(b).
2, 5
Let x(n) be the first derivative of n**3/3 + 3*n**2 + 5*n - 1. Let k be x(-6). Suppose k*v - 5*p - 63 = -8, 8 = -4*p. What are the prime factors of v?
3
Let t(n) = -2*n - 6. Let u = 4 + -11. Let f be t(u). Let r = 14 - f. What are the prime factors of r?
2, 3
Let k = -1 - 6. Let z(t) = -6*t**2 + 3*t. Let c be z(2). Let l = k - c. List the prime factors of l.
11
Let f be (-2 + 2 + 3)*-7. Let x be (4/1)/2 - 33. Let k = f - x. List the prime factors of k.
2, 5
Let w = 48 + -32. Suppose 3*m - w = 14. What are the prime factors of m?
2, 5
Suppose -3*b + 0*b + 108 = 0. Suppose -4*q + b = -4*u, 4*q + 3*u - 57 = -0*u. List the prime factors of q.
2, 3
Let m = 3 - -1. Suppose -3*a 